Monthly Climatological Summary for Jul 2024

Name: Wareham Wx   City: Wareham   County: Dorset   Country: UK
Elevation: 33 ft  Lat: N 50° 41' 11"   Lon: W 002° 06' 46"

                  Temperature (°C), Rain (mm), Wind Speed (mph)

                                      Heat  Cool        Avg
    Mean                              Deg   Deg         Wind                 Dom
Day Temp  High   Time   Low    Time   Days  Days  Rain  Speed High   Time    Dir
----------------------------------------------------------------------------------
01  17.3  22.2   17:53  14.1   05:15   1.6   0.6   0.0   4.1  18.0   16:12   WNW
02  17.4  21.2   13:09  12.9   05:59   1.6   0.7   0.0   4.0  18.0   05:02   NNW
03  16.8  20.4   16:40  13.6   05:02   1.8   0.3   0.0   6.4  24.0   11:59   WSW
04  16.4  21.1   16:18  11.8   05:45   2.3   0.3   0.0   8.1  25.0   19:25     W
05  16.6  19.6   12:47  14.2   02:18   1.8   0.1  20.4   9.4  30.0   20:02    SW
06  15.6  19.2   15:19  10.7   06:34   2.7   0.0   2.6   9.9  31.0   13:01   WSW
07  15.9  19.8   14:58  13.3   03:14   2.5   0.1   0.4   7.4  26.0   13:53    SW
08  14.6  17.5   15:32  10.5   03:38   3.7   0.0  13.4   4.4  24.0   23:23    SE
09  17.2  18.1   15:59  15.5   00:00   1.1   0.0  11.0   7.5  26.0   06:54     S
10  17.7  21.1   15:12  13.6   23:59   1.2   0.6   0.2   7.8  26.0   16:32    SW
11  16.9  21.8   15:45  11.0   04:49   2.3   0.9   0.0   3.6  16.0   12:52   WSW
12  16.3  19.6   15:38  13.3   02:06   2.1   0.1   0.6   3.4  15.0   07:48     N
13  15.8  20.4   11:50  12.7   05:12   2.6   0.1  11.8   1.9  14.0   15:15   WSW
14  15.9  21.5   16:14  10.1   05:05   3.0   0.6   0.0   2.8  16.0   17:02    SW
15  14.9  17.8   17:01  10.4   03:38   3.4   0.0  10.8   4.2  20.0   19:14    SE
16  18.2  24.1   15:31  14.8   03:17   1.4   1.3   2.4   6.1  21.0   14:51     W
17  17.2  22.3   13:41  12.1   05:34   2.1   1.1   0.0   3.2  14.0   12:13    SW
18  19.4  27.1   17:14  12.4   03:10   1.8   2.9   0.0   2.5  13.0   12:33   ESE
19  20.7  28.8   13:20  13.8   05:25   1.1   3.5   0.0   3.4  17.0   18:29    SW
20  18.6  20.3   12:28  17.4   23:57   0.1   0.4  10.8   4.7  19.0   11:58   SSW
----------------------------------------------------------------------------------
    17.0  28.8    19    10.1    14    40.2  13.6  84.4   5.2  31.0     6      SW

Max >=  25.0  2
Max <=  10.0  0
Min <=   5.0  0
Min <=   0.0  0
Max Rain: 20.4 on day 5
Days of Rain: 11 (>= 0.2 mm)  6 (>= 5.0 mm)  1 (>= 20.0 mm)
Heat Base: 18.3  Cool Base: 18.3  Method: Integration